z + 9225. What is k(123)?
0
Let a(i) = -2*i**2 - 140*i - 1057. Give a(-8).
-65
Let l(r) = 167*r - 12044. Calculate l(72).
-20
Let x(w) = -163*w - 7365. Give x(-45).
-30
Let t(c) = -186*c - 27621. Determine t(-149).
93
Let o(s) = -s**3 - 12*s**2 - 23*s - 9. Calculate o(-11).
123
Let r(h) = 2*h**2 - 19*h + 6. Determine r(7).
-29
Let z(t) = 42*t**2 - 216*t + 22. Determine z(5).
-8
Let v(x) = -x**3 - 9*x**2 - 23*x - 6. Give v(-6).
24
Let k(a) = -272*a - 4847. What is k(-18)?
49
Let x(d) = 39*d**3 - 66*d**2 - 8*d + 3. Give x(2).
35
Let t(l) = 2*l**3 + 32*l**2 - 8*l - 127. Give t(-16).
1
Let f(t) = -17*t**2 + 186*t - 4. Calculate f(11).
-15
Let p(u) = -25*u**2 + 173*u - 58. Determine p(6).
80
Let u(m) = m**3 + 2*m**2 - 13*m - 46. Calculate u(-3).
-16
Let o(z) = 5*z**2 + 482*z + 183. Calculate o(-96).
-9
Let y(p) = -8*p**2 + 52*p + 8. Give y(9).
-172
Let o(l) = -166*l**2 - 30*l + 2. Determine o(-2).
-602
Let v(l) = 3406*l - 37459. Determine v(11).
7
Let l(p) = -321*p + 7822. Give l(24).
118
Let b(v) = -3*v**3 - 9*v**2 + 7*v + 14. Determine b(-4).
34
Let b(i) = -4*i**3 + 35*i**2 - 10*i + 154. Determine b(9).
-17
Let l(s) = 2*s**2 - 182*s - 2698. What is l(-13)?
6
Let n(a) = -84*a + 105. What is n(1)?
21
Let f(z) = -z**3 - 10*z**2 + 72*z + 12. What is f(-15)?
57
Let l(v) = 41*v**2 + 3854*v + 13. Determine l(-94).
13
Let y(c) = -15*c**2 - 49*c - 50. Give y(-1).
-16
Let w(r) = -20*r**2 + 276*r + 11. Calculate w(14).
-45
Let f(q) = -45*q**2 - 17*q - 1. Determine f(-1).
-29
Let i(d) = -d**3 + 33*d**2 - 24*d + 74. Calculate i(32).
330
Let w(i) = -2092*i + 2079. Determine w(1).
-13
Let s(t) = -2*t**2 - 214*t - 4626. Calculate s(-77).
-6
Let r(g) = 2*g**3 - 142*g**2 - 2*g + 140. What is r(71)?
-2
Let k(g) = g**3 + 9*g**2 + 12*g + 66. Calculate k(-9).
-42
Let g(r) = -44*r - 342. Determine g(-8).
10
Let g(m) = -9*m**2 - 1218*m + 1235. Calculate g(1).
8
Let g(v) = 2*v**2 + 27*v + 77. Give g(-5).
-8
Let i(l) = -l**3 - 17*l**2 - 49*l + 45. Calculate i(-5).
-10
Let l(j) = 3*j**2 - 70*j + 282. Give l(5).
7
Let b(d) = 185*d**2 - 747*d + 12. Give b(4).
-16
Let i(n) = 5*n**2 + 91*n + 410. Determine i(-10).
0
Let m(r) = -206*r - 3755. Calculate m(-18).
-47
Let b(i) = i**3 + 68*i**2 + 31*i + 2161. Determine b(-68).
53
Let a(y) = 6*y**3 - 328*y**2 - 2186*y - 7. Calculate a(-6).
5
Let z(o) = -o**3 + 7*o**2 + 119*o - 4. Calculate z(14).
290
Let s(k) = k**3 - 32*k**2 - 40*k + 1980. Give s(31).
-221
Let v(f) = 3*f**2 - 95*f - 146. Calculate v(33).
-14
Let t(d) = 92*d + 1389. What is t(-15)?
9
Let n(i) = 3*i**3 + 8*i**2 - 28*i + 19. Determine n(2).
19
Let n(y) = 6*y + 24. What is n(-47)?
-258
Let f(q) = 132*q + 193. What is f(-2)?
-71
Let x(z) = -5*z**2 + 17*z + 2. What is x(6)?
-76
Let s(n) = -n**2 + 5*n + 38. Give s(-6).
-28
Let t(l) = -39*l + 496. Determine t(9).
145
Let n(x) = 9*x - 6. What is n(-5)?
-51
Let w(s) = -39*s - 2657. What is w(-68)?
-5
Let g(v) = -41*v - 2886. What is g(-51)?
-795
Let h(f) = -1917*f + 139938. What is h(73)?
-3
Let v(f) = 58*f - 102. What is v(6)?
246
Let k(s) = s**2 - 958*s - 8703. Calculate k(-9).
0
Let w(d) = -93*d - 61. Calculate w(-8).
683
Let j(l) = -27*l**2 + 148*l - 16. Give j(4).
144
Let t(f) = -792*f + 4751. Give t(6).
-1
Let u(a) = -19*a**2 - 210*a - 16. Calculate u(-11).
-5
Let c(z) = z + 49. What is c(-7)?
42
Let s(a) = -104*a + 86. Calculate s(-5).
606
Let n(g) = -3*g**2 - 35*g - 22. What is n(-10)?
28
Let s(f) = -f**3 + 11*f**2 + 9*f - 97. Calculate s(11).
2
Let l(j) = -j**3 - 26*j**2 + 46*j + 505. Give l(-27).
-8
Let h(k) = -114*k - 573. Give h(-5).
-3
Let n(h) = -h**3 + 35*h**2 - 171*h + 63. What is n(29)?
150
Let h(p) = -999*p + 999. What is h(1)?
0
Let l(f) = -f**3 - 77*f**2 + 26. Determine l(-77).
26
Let p(c) = 760*c + 2162. What is p(-3)?
-118
Let w(l) = -l**2 - 6181*l + 37120. Give w(6).
-2
Let o(v) = -v**3 + 43*v**2 + 46*v - 77. Determine o(44).
11
Let v(u) = -24*u - 626. What is v(-31)?
118
Let n(s) = -51*s**2 + 301*s + 37. What is n(6)?
7
Let b(m) = -m**3 + 9*m**2 + 325*m - 61. What is b(23)?
8
Let r(j) = j**2 - 432*j + 1723. What is r(4)?
11
Let t(f) = 3*f**3 + 46*f**2 - 25*f - 82. Determine t(-16).
-194
Let d(z) = 39*z**3 + z**2 - 27*z - 63. Give d(-2).
-317
Let g(w) = 20*w - 691. Determine g(34).
-11
Let n(t) = 42*t + 33. Give n(-5).
-177
Let n(p) = 36*p + 1168. Calculate n(-32).
16
Let i(f) = -8*f**3 + 46*f**2 - 3*f. What is i(6)?
-90
Let f(k) = -k**2 + 19*k - 72. Calculate f(14).
-2
Let z(d) = -20*d**2 + 11. Give z(3).
-169
Let r(a) = -22*a - 131. Calculate r(5).
-241
Let q(v) = -61*v + 6444. Determine q(105).
39
Let b(y) = 415*y + 405. Give b(-1).
-10
Let s(l) = -l**3 - 30*l**2 + 7*l + 4145. Give s(-20).
5
Let v(r) = -8*r - 247. Give v(-31).
1
Let o(p) = -372*p - 743. What is o(-2)?
1
Let v(a) = 143*a - 315. What is v(2)?
-29
Let t(b) = -b**3 + 161*b**2 - 321*b + 501. Give t(159).
24
Let k(x) = x - 134. Calculate k(69).
-65
Let w(t) = 130*t - 4162. Calculate w(32).
-2
Let m(z) = -z**3 + 7*z**2 + 8*z - 16. What is m(6)?
68
Let z(g) = -g**3 - 66*g**2 - 125*g + 116. Give z(-64).
-76
Let k(f) = -2924*f - 8870. Determine k(-3).
-98
Let w(h) = -4*h**2 + 211*h + 1247. Calculate w(-6).
-163
Let z(u) = -u**3 + 22*u**2 - 119*u + 2048. Calculate z(21).
-10
Let g(u) = u**3 - 29*u**2 + 80*u - 37. Determine g(26).
15
Let q(u) = -u**2 + 38*u + 1302. Calculate q(60).
-18
Let a(t) = t**2 - 9*t - 5. What is a(0)?
-5
Let w(d) = -156*d + 938. Give w(6).
2
Let v(q) = q**3 - 35*q**2 - 3*q + 9. Give v(0).
9
Let b(m) = -26*m + 408. Give b(14).
44
Let z(i) = i**2 - 10*i + 14. What is z(-2)?
38
Let i(r) = 2*r**2 + 37*r + 233. Calculate i(-7).
72
Let u(h) = h**3 + 7*h**2 - 3*h - 19. Calculate u(-8).
-59
Let d(m) = 13*m + 837. Calculate d(-65).
-8
Let q(f) = -2603*f - 26029. Give q(-10).
1
Let n(x) = -1453*x + 39225. Calculate n(27).
-6
Let a(p) = 1184*p + 3653. What is a(-3)?
101
Let l(s) = s**2 - 7*s - 23. Determine l(-26).
835
Let p(c) = -2*c**3 - c**2 + 6*c - 31. Determine p(0).
-31
Let m(t) = -t**3 - 70*t**2 - 496*t + 3. What is m(-62)?
3
Let o(g) = 142*g - 854. Calculate o(6).
-2
Let f(y) = 2*y**2 - 43. Determine f(6).
29
Let i(m) = 3*m**2 - 203*m + 876. Give i(63).
-6
Let o(l) = -26*l + 138. Determine o(5).
8
Let d(x) = 28*x - 98. Determine d(3).
-14
Let q(m) = 8*m**3 + 5*m**2 - 4*m - 1. Give q(2).
75
Let b(m) = m**2 + 51*m + 98. Determine b(-48).
-46
Let m(l) = 18*l + 67. Give m(1).
85
Let i(r) = 18*r - 145. Determine i(8).
-1
Let j(x) = -77*x**2 - 469*x - 36. Calculate j(-6).
6
Let c(l) = l**3 - 5*l**2 - 5*l - 46. Give c(6).
-40
Let p(j) = -27*j**2 - 353*j + 18. Give p(-13).
44
Let d(w) = -2*w**3 - 208*w**2 - 215*w - 925. Calculate d(-103).
2
Let y(n) = -6*n**3 - 34*n**2 - 34*n + 10. What is y(-4)?
-14
Let p(m) = -m**3 - 76*m**2 + 316*m - 324. Give p(-80).
-4
Let o(n) = -n**2 - 44*n - 457. Calculate o(-16).
-9
Let v(d) = -4*d**2 - 100*d - 391. Determine v(-20).
9
Let a(f) = -142*f + 3538. Calculate a(25).
-12
Let n(j) = j**2 + 102*j + 1349. Give n(-15).
44
Let l(s) = 24*s**2 - 1390*s - 102. Give l(58).
14
Let x(g) = -g**3 + g**2 + 4*g - 4. Give x(5).
-84
Let s(m) = 9*m + 146. What is s(-12)?
38
Let x(z) = 11*z**2 - 22*z - 1083. Calculate x(-9).
6
Let t(a) = -12*a + 118. What is t(11)?
-14
Let h(o) = -105*o + 14. What is h(1)?
-91
Let q(g) = -11*g - 142. What is q(-14)?
12
Let r(f) = -2*f**2 + 37*f + 11. Give r(18).
29
Let s(h) = 12*h - 728. Determine s(44).
-200
Let y(q) = q**3 - 5*q**2 - 6*q - 35. Give y(6).
-35
Let q(z) = 12*z**2 + 31*z - 74. Give q(-4).
-6
Let c(q) = 2*q**3 - 162*q**2 + 161*q - 65. Calculate c(80).
15
Let t(q) = -3*q**2 - 226*q + 403. What is t(-77)?
18
Let d(y) = -10*y**2 + 68*y - 120. Determine d(4).
-8
Let x(b) = -56*b - 812. Calculate x(-14).
-28
Let c(u) = 2*u**3 + 31*u**2 - 14*u + 101. Determine c(-16).
69
Let o(t) = -28*t - 1098. Give o(-39).
-6
Let o(f) = f**3 + 31*f**2 + 199*f + 14. Determine o(-22).
-8
Let u(k) = -2*k**2 + 9*k + 32. Determine u(7).
-3
Let t(z) = -21*z - 1119. Determine t(-57).
78
Let b(h) = -31949*h - 223639. Give b(-7).
4
Let p(j) = -7*j**2 + 26*j + 49. Give p(-2).
-31
Let g(f) = 96*f - 1063. Give g(11).
-7
Let k(w) = -19*w - 186. Calculate k(-10).
4
Let h(y) = -y**2 + 49*y + 30. Calculate h(15).
540
Let v(l) = -l**3 - 51*l**2 + 30*l + 1555. What is v(-51)?
25
Let p(g) = 16*g - 601